s of 16981.
16981
What are the prime factors of 1153?
1153
List the prime factors of 6278.
2, 43, 73
List the prime factors of 322.
2, 7, 23
What are the prime factors of 59409?
3, 7, 23, 41
What are the prime factors of 1010?
2, 5, 101
What are the prime factors of 11124?
2, 3, 103
What are the prime factors of 11326?
2, 7, 809
What are the prime factors of 542?
2, 271
List the prime factors of 2563.
11, 233
List the prime factors of 76.
2, 19
What are the prime factors of 256?
2
What are the prime factors of 3102?
2, 3, 11, 47
What are the prime factors of 1593?
3, 59
List the prime factors of 1273.
19, 67
List the prime factors of 45010.
2, 5, 7, 643
List the prime factors of 92043.
3, 7, 487
What are the prime factors of 19410?
2, 3, 5, 647
List the prime factors of 2996.
2, 7, 107
What are the prime factors of 4830?
2, 3, 5, 7, 23
What are the prime factors of 58079?
7, 8297
What are the prime factors of 66951?
3, 43, 173
What are the prime factors of 6865?
5, 1373
What are the prime factors of 9424?
2, 19, 31
List the prime factors of 1853.
17, 109
What are the prime factors of 56103?
3, 18701
What are the prime factors of 16692?
2, 3, 13, 107
List the prime factors of 8728.
2, 1091
List the prime factors of 76476.
2, 3, 6373
What are the prime factors of 20515?
5, 11, 373
What are the prime factors of 1046?
2, 523
List the prime factors of 29890.
2, 5, 7, 61
What are the prime factors of 61468?
2, 11, 127
List the prime factors of 59.
59
List the prime factors of 495.
3, 5, 11
What are the prime factors of 820?
2, 5, 41
List the prime factors of 112464.
2, 3, 11, 71
What are the prime factors of 3583?
3583
What are the prime factors of 4265?
5, 853
What are the prime factors of 2154?
2, 3, 359
What are the prime factors of 3943?
3943
What are the prime factors of 58744?
2, 7, 1049
List the prime factors of 14202.
2, 3, 263
List the prime factors of 158715.
3, 5, 3527
What are the prime factors of 2260?
2, 5, 113
What are the prime factors of 1070?
2, 5, 107
List the prime factors of 10486.
2, 7, 107
What are the prime factors of 743?
743
What are the prime factors of 1430?
2, 5, 11, 13
List the prime factors of 4756.
2, 29, 41
List the prime factors of 1068.
2, 3, 89
What are the prime factors of 13946?
2, 19, 367
What are the prime factors of 8721?
3, 17, 19
What are the prime factors of 42615?
3, 5, 947
What are the prime factors of 76?
2, 19
What are the prime factors of 1464?
2, 3, 61
List the prime factors of 10174.
2, 5087
What are the prime factors of 893?
19, 47
List the prime factors of 29743.
7, 607
List the prime factors of 1215.
3, 5
List the prime factors of 944.
2, 59
What are the prime factors of 28191?
3, 9397
What are the prime factors of 1042?
2, 521
What are the prime factors of 665?
5, 7, 19
What are the prime factors of 23355?
3, 5, 173
What are the prime factors of 22411?
73, 307
List the prime factors of 406.
2, 7, 29
List the prime factors of 23800.
2, 5, 7, 17
What are the prime factors of 5630?
2, 5, 563
What are the prime factors of 932?
2, 233
List the prime factors of 14606.
2, 67, 109
List the prime factors of 5707.
13, 439
List the prime factors of 27727.
7, 17, 233
What are the prime factors of 25381?
17, 1493
What are the prime factors of 30413?
17, 1789
What are the prime factors of 125?
5
What are the prime factors of 3372?
2, 3, 281
What are the prime factors of 54706?
2, 17, 1609
What are the prime factors of 767?
13, 59
What are the prime factors of 2831?
19, 149
List the prime factors of 8822.
2, 11, 401
List the prime factors of 5059.
5059
What are the prime factors of 954?
2, 3, 53
List the prime factors of 164594.
2, 17, 47, 103
What are the prime factors of 23430?
2, 3, 5, 11, 71
What are the prime factors of 27194?
2, 13597
What are the prime factors of 1775?
5, 71
What are the prime factors of 4046?
2, 7, 17
What are the prime factors of 2942?
2, 1471
What are the prime factors of 6896?
2, 431
List the prime factors of 27794.
2, 13, 1069
List the prime factors of 3493.
7, 499
List the prime factors of 12337.
13, 73
What are the prime factors of 178969?
7, 37, 691
List the prime factors of 1630.
2, 5, 163
What are the prime factors of 36218?
2, 7, 13, 199
List the prime factors of 2520.
2, 3, 5, 7
List the prime factors of 32348.
2, 8087
What are the prime factors of 449?
449
List the prime factors of 7109.
7109
List the prime factors of 480.
2, 3, 5
What are the prime factors of 12134?
2, 6067
List the prime factors of 7366.
2, 29, 127
List the prime factors of 3115.
5, 7, 89
What are the prime factors of 39934?
2, 41, 487
What are the prime factors of 633?
3, 211
What are the prime factors of 580?
2, 5, 29
What are the prime factors of 46890?
2, 3, 5, 521
List the prime factors of 2080.
2, 5, 13
What are the prime factors of 8504?
2, 1063
List the prime factors of 25816.
2, 7, 461
What are the prime factors of 35649?
3, 17, 233
What are the prime factors of 58083?
3, 19, 1019
List the prime factors of 632.
2, 79
List the prime factors of 1103.
1103
List the prime factors of 12402.
2, 3, 13, 53
List the prime factors of 1092.
2, 3, 7, 13
What are the prime factors of 2161?
2161
List the prime factors of 91649.
37, 2477
List the prime factors of 356.
2, 89
List the prime factors of 11486.
2, 5743
List the prime factors of 2308.
2, 577
List the prime factors of 4671.
3, 173
What are the prime factors of 49378?
2, 7, 3527
List the prime factors of 20510.
2, 5, 7, 293
What are the prime factors of 3723?
3, 17, 73
What are the prime factors of 12377?
12377
What are the prime factors of 657?
3, 73
List the prime factors of 17569.
17569
List the prime factors of 1220.
2, 5, 61
What are the prime factors of 3306?
2, 3, 19, 29
What are the prime factors of 9719?
9719
What are the prime factors of 42678?
2, 3, 2371
List the prime factors of 13888.
2, 7, 31
What are the prime factors of 162?
2, 3
List the prime factors of 31176.
2, 3, 433
List the prime factors of 69149.
69149
List the prime factors of 465.
3, 5, 31
What are the prime factors of 1818?
2, 3, 101
What are the prime factors of 1422?
2, 3, 79
List the prime factors of 19668.
2, 3, 11, 149
List the prime factors of 153139.
7, 131, 167
List the prime factors of 15373.
15373
List the prime factors of 1271.
31, 41
What are the prime factors of 128097?
3, 43, 331
List the prime factors of 77821.
59, 1319
What are the prime factors of 1925?
5, 7, 11
What are the prime factors of 48994?
2, 11, 17, 131
List the prime factors of 1464.
2, 3, 61
What are the prime factors of 33712?
2, 7, 43
What are the prime factors of 296?
2, 37
List the prime factors of 565.
5, 113
What are the prime factors of 1067?
11, 97
What are the prime factors of 11794?
2, 5897
What are the prime factors of 158?
2, 79
What are the prime factors of 3503?
31, 113
List the prime factors of 13285.
5, 2657
List the prime factors of 7082.
2, 3541
List the prime factors of 2067.
3, 13, 53
What are the prime factors of 115?
5, 23
What are the prime factors of 510?
2, 3, 5, 17
List the prime factors of 8185.
5, 1637
List the prime factors of 23237.
19, 1223
What are the prime factors of 4296?
2, 3, 179
What are the prime factors of 2236?
2, 13, 43
List the prime factors of 8978.
2, 67
List the prime factors of 7025.
5, 281
List the prime factors of 1734.
2, 3, 17
List the prime factors of 6910.
2, 5, 691
What are the prime factors of 2029?
2029
List the prime factors of 1674.
2, 3, 31
What are the prime factors of 35485?
5, 47, 151
What are the prime factors of 19?
19
List the prime factors of 1398.
2, 3, 233
List the prime factors of 43085.
5, 7, 1231
List the prime factors of 2663.
2663
List the prime factors of 6274.
2, 3137
What are the prime factors of 19445?
5, 3889
What are the prime factors of 99064?
2, 7, 29, 61
What are the prime factors of 2210?
2, 5, 13, 17
What are the prime factors of 2065?
5, 7, 59
List the prime factors of 9260.
2, 5, 463
What are the prime factors of 45195?
3, 5, 23, 131
What are the prime factors of 16914?
2, 3, 2819
List the prime factors of 2317.
7, 331
What are the prime factors of 156?
2, 3, 13
What are the prime factors of 6621?
3, 2207
List the prime factors of 2921.
23, 127
What are the prime factors of 10971?
3, 23, 53
What are the prim